et l(f) = -f**2 - 7*f - 2. Let o(v) = -v**2 + 6*v - 12. Let w(p) = p**2 - 1. Let y be w(-2). Let c be 8 + (0/3 - y). Let n be o(c). Calculate l(n).
-2
Let r(o) = -3*o**2 - 17*o - 27. Let z be r(-5). Let t(k) = -3*k**2 - 49*k + 40. Give t(z).
6
Let n(d) = -4*d + 11. Let l be n(4). Let y(a) be the third derivative of a**5/60 + 5*a**4/24 - a**2 + 26*a. What is y(l)?
0
Suppose -3*l = 2 + 1. Let u be 3 - (-2)/(-3 - l). Suppose -u*y = 2*y - 20. Let h(p) = -p**2 + 4*p + 6. What is h(y)?
1
Let k(u) = 19*u. Let r be (-93)/(-7) - 2/7. Suppose 5 = r*t - 8*t. Determine k(t).
19
Let v(o) = 1. Let r(j) = -j - 1. Let l(z) = 3*r(z) + 2*v(z). Let m = 30 + -25. Suppose 0 = u + 3, 4*k - m*u = -0*u + 7. Calculate l(k).
5
Let o be 0 - (-3)/(-12) - (-9)/4. Let k(u) = -4*u**3 + o*u**3 - u - 4*u**2 - 5 + 3*u**3. Calculate k(5).
15
Let p = 21 - 13. Let y(l) = -6 + 1 - l + p - 2. What is y(2)?
-1
Let b(u) = -2*u + 1. Let g be 4/22 + (-537)/(-11). Suppose 406 = 3*y - y. Let z be 2/(-14) + y/g. What is b(z)?
-7
Let s(t) = t - 1. Let i = -105 - -89. Let k be 116/(-6) - (-2)/(-3). Let b = k - i. Calculate s(b).
-5
Let c(m) = -3*m. Suppose -4*a = -f + 4*f - 198, 76 = f - 2*a. Let u(q) = -10*q. Let t be u(5). Let s be 6/(-10) + f/t. What is c(s)?
6
Let h(j) = -3*j**3 + 7*j**2 - j - 7*j**2 + 2. Let r(q) = q**2 + 1. Suppose -2*d - 3 = z + 6, 4*z = -4*d - 16. Let u(w) = z*h(w) - 2*r(w). Calculate u(-1).
2
Let i = -5 + 2. Let n be -1*(6 + -1)*1. Let a(m) = -m**3 - 9*m**2 - 5*m - 4. Let t(v) = v**3 + 8*v**2 + 5*v + 4. Let h(u) = n*t(u) - 4*a(u). Give h(i).
2
Let n(a) = -a**2 - 15*a - 19. Let r be n(-10). Let o = -30 + r. Let q(v) = 6*v - 1. Calculate q(o).
5
Let u(g) = -2*g - 7. Let k(j) = -68*j + 752. Let m be k(11). Suppose 0 = 2*o + y, 4*o + 2 = -4*y - 6. Suppose -2*s - 2*a = -0*a + m, -2*a + o = s. What is u(s)?
5
Suppose -4*p - 2*q + 18 = 0, -4*p = -9*p - 3*q + 23. Suppose -p*g = -2*g - 12. Let c(z) = 2*z - 7. Calculate c(g).
5
Let o(m) = -17*m - 11. Let n(y) = -60*y - 39. Let p(s) = 5*n(s) - 18*o(s). Let l(j) = -3*j - 2. Let u(h) = 5*l(h) + 2*p(h). What is u(-6)?
14
Let j be (-2 - (-4 - 0))*-2. Let o(m) = -3*m - 10. Let q be o(j). Let y(d) = 1 - 3*d**2 - q + 4 - 2. Give y(-1).
-2
Let t be ((-2)/(-6))/(9/(-81)) + -19. Let k be (t/18 - (-12)/54)/1. Let f(w) = 3*w**3 - w**2 - w - 1. Determine f(k).
-4
Let s = 49 - 56. Let r(g) = -4*g - 6. Determine r(s).
22
Let q(a) = 30 - 72*a**2 + 2*a - a**3 - 13 + 0*a + 61*a**2. What is q(-11)?
-5
Let y(s) = -9*s - 7. Let r(v) be the second derivative of -5*v**3/6 - 2*v**2 + 7*v. Let a(x) = 5*r(x) - 3*y(x). Determine a(-4).
-7
Let j(q) = -3*q**2 + 18*q + 5. Let r(n) = 2*n**2 - 12*n - 3. Let h(x) = -5*j(x) - 8*r(x). Let c = 5112 + -5107. Calculate h(c).
4
Let b(o) be the third derivative of o**4/24 + 14*o**3/3 - 32*o**2 - 2. Determine b(0).
28
Let f(i) = 5*i**2 + 8*i - 5. Let w(z) = -z**2 - z. Let t(u) = f(u) + 4*w(u). Suppose 5*g - 5 = 5*d, 2*d = 5*d - 4*g - 1. Determine t(d).
0
Let q = -49 - -51. Let m(o) = o - 2. Let z(k) = k**2 + 5*k + 3. Let j(v) = q*m(v) + z(v). Give j(-5).
-11
Suppose -17*b - 10 = -12*b. Let z(j) = 4*j - 2. Determine z(b).
-10
Suppose 0 = -4*u - 4*u - 104. Let f(q) = -q**2 - 10*q + 32. Calculate f(u).
-7
Suppose 4*m = -0*m - 20. Let d(s) be the third derivative of -1/24*s**4 + 0*s**3 + 0*s + 0 - 6*s**2. Calculate d(m).
5
Let p(k) = 3*k - 4. Let t(l) = -21*l + 5. Let j(n) = 6*p(n) + t(n). What is j(-8)?
5
Let f(k) = -2*k**2 - 5*k - 2. Let j be (-5 - -4) + 0 + -2 - -11. Let a(x) = -9*x**2 - 11 + 8*x - 2*x + x**3 + 3*x. Let p be a(j). What is f(p)?
-5
Let g(h) = -1 + 3*h + h**2 + 2*h + 0*h. Let y = -4071 + 4068. Give g(y).
-7
Let o(p) = 2*p**2 - 3*p - p**2 + 0*p + 2. Let z be (-25)/(1250/20)*-10. Determine o(z).
6
Suppose 48 = 7*c - c. Suppose 2*r = c*r - 60. Suppose 4*t - 25 = 5*f - 9, -3*f - r = -2*t. Let a(v) = v**3 + 3*v**2 - 2*v + 4. Calculate a(f).
-4
Suppose -3*n + 4 - 19 = 0. Let s(v) = v - 5. Let b(a) = -1. Let d(c) = n*b(c) + s(c). Give d(-6).
-6
Let w(x) be the second derivative of x**4/12 - 7*x**3/6 + 5*x**2/2 + 125*x. Give w(6).
-1
Let z(n) be the third derivative of -n**5/20 + n**4/3 - n**3/3 - 9*n**2. Let v(p) = -13*p**2 + 32*p - 7. Let o(m) = 2*v(m) - 9*z(m). What is o(6)?
-8
Suppose 0 = 5*k + 24 + 21. Let t be 3/(-12) - k/4. Let n(x) = x**3 - x**2 + 2*x - 3. Calculate n(t).
5
Suppose 2*g = z + 4, -3*z + 21 = 3*g + 2*g. Let q(a) = 0 - z + 11 - 7*a - 8. Determine q(1).
-6
Let a(b) = -b - 615*b**3 - 5*b**2 + b**2 + 2 + 616*b**3. What is a(5)?
22
Let w(s) = 2*s**3 + 2*s**2 - s + 1. Suppose 0 = 2*a - 3*z - 19, 2*a - 5*z = 27 - 2. Suppose a*f - 1 = -11. Give w(f).
-5
Let c(a) = a. Let y(h) = 10*h + 2. Let n(q) = -4*c(q) + y(q). Let j(x) = x. Let f(p) = -5*j(p) + n(p). What is f(-3)?
-1
Let l(t) = 2 + 5*t - 4*t + 4 - 5. Determine l(-7).
-6
Let l(x) = -x + 10. Let p(b) = -1. Let o(t) = l(t) + 3*p(t). Let i be o(9). Let u(y) = y. Give u(i).
-2
Let k be 6*((-10)/4 + 1). Let d = -15 - k. Let m(n) = -6*n - 6 - 3*n**3 + 15*n**2 - 6*n**2 - 4*n**2 + 4*n**3. Determine m(d).
-6
Let o(c) = c - 2. Let f(x) = -x**3 - 8*x**2 - 87. Let j be f(-9). Determine o(j).
-8
Let s = 6 + -2. Let q be 2*(-15)/12*-2. Let l(v) = -8 + 4 - q*v + 6*v - 5. Determine l(s).
-5
Let j(b) = 3 + 2*b**2 - b**2 - 2 - 8*b - 2*b**2. Let h(r) = 4*r**2 + 33*r - 3. Let u(y) = 2*h(y) + 9*j(y). Let m = 2 - 9. Give u(m).
-4
Let j(q) = -2*q**2 - 2*q - 4. Let b = -580 - -578. Determine j(b).
-8
Let y(c) = 4*c + 4. Let n(t) = 2*t**3 + 11*t**2 + 19*t + 5. Let k(f) = f**3 + 6*f**2 + 9*f + 3. Let p(j) = -5*k(j) + 2*n(j). Let m be p(-7). Determine y(m).
-16
Let a(s) = s**2 + 3. Let g be a(0). Let c be g + -1 - (-4 + 0). Let v(u) = -u + c*u**2 + u - 1. What is v(1)?
5
Let k(l) = l**2 + 7*l + 6. Let t be 8/36 - (-2516)/(-306). Determine k(t).
14
Let n(y) = 6*y + 32*y**2 + 4 - 2*y - 3 - 31*y**2. Calculate n(-2).
-3
Let w(a) = -74*a + 7. Let k(d) = -100*d + 6. Let p(b) = 3*k(b) - 4*w(b). What is p(-3)?
2
Let u(o) be the second derivative of -3*o**3/2 + 9*o**2/2 + 162*o + 3. Determine u(1).
0
Let h = 44 - 37. Let y(f) be the first derivative of f**3/3 - 7*f**2/2 + 4*f + 3. Give y(h).
4
Suppose -894 = -4*g + 5*x + 830, -3*g = -2*x - 1293. Let n(f) = 0*f - 425 + 2*f + g. Calculate n(-3).
0
Let n(q) = 22*q + 24. Let r(v) = 18*v + 22. Let o(k) = 4*n(k) - 5*r(k). Calculate o(-7).
0
Let a(c) = 0*c - 8 - c**3 + 3 + 8*c - c**2 - 4*c + 8. Give a(-2).
-1
Let t be 8 + 110/(-14) + (-69)/(-7). Let h(c) = -c**3 + 10*c**2 - 6. Calculate h(t).
-6
Let l = 21 + -13. Let d(w) = 17 + 28 - 34 - 8*w**2 - 6*w + w + w**3 + 4*w. Calculate d(l).
3
Let p(l) = 2*l**2 - 17*l + 3. Suppose 0 = 244*s - 257*s + 104. Give p(s).
-5
Let r = -139 + 133. Let c(a) = 2 - 5 - a**2 - 6*a - 4 + 0. Determine c(r).
-7
Suppose 2*u = -q + u + 7, 0 = 2*q + 3*u - 17. Let p be 40/18 + q/(-18). Let j(t) = 3 - 2 - t**2 + 0*t**p + 4*t. What is j(6)?
-11
Let t(a) = -2*a**3 - a**2 + 3*a + 2. Suppose 2*z + 17 = 17. Suppose 0 = 4*o, 2*q + 4 = -z*o + 4*o. Give t(q).
8
Let z be (-19195)/(-330) + (-1)/(6*1). Let g(j) = 2*j - 60 + 116 + j**2 - z. Give g(2).
6
Let m(q) = 2*q + 2. Let g be m(3). Let j(s) = -248*s + 12 + 19 + 255*s - s**2 - 25. Determine j(g).
-2
Let l(v) be the second derivative of v**4/12 + 17*v**3/6 - v**2 - 169*v. What is l(-17)?
-2
Let f(i) = -17*i + 8*i**2 + 6*i + 11*i. What is f(1)?
8
Let w(b) = 2*b**2 + 14*b + 20. Let s be w(-6). Let x(h) = -3*h + 15. Let n(q) = -q. Let g(j) = -2*n(j) + x(j). Calculate g(s).
7
Let a(j) = -j**2 - 9*j - 3. Let o = -273 - -267. Give a(o).
15
Let s = 6 - 4. Suppose 0*i + s*i = 8. Let l = i + -2. Let j(b) = 5*b - 3. Determine j(l).
7
Let f(v) be the first derivative of 0*v + 2*v**4 + 13 + 0*v**2 - 1/3*v**3. Calculate f(1).
7
Let m(s) = -s + 3. Let o = 69 - 56. Let j(k) = -k**3 + 14*k**2 - 13*k - 6. Let h be j(o). Give m(h).
9
Let o(i) = 20*i - 9*i + 2*i**2 - 2 - 18*i**2 + 17*i**2. Give o(-8).
-26
Let z(q) = q**2 + 1. Let d(f) = 3*f**2 + 11*f - 5. Let u(h) = -d(h) + 4*z(h). Give u(7).
-19
Let c(o) be the first derivative of -o**3/6 - 4*o**2 + 37*o + 39. Let m(z) be the first derivative of c(z). Calculate m(-11).
3
Let q(c) be the second derivative of 0 - 7/2*c**2 + 14*c - 1/20*c**5 + 4/3*c**3 + 1/3*c**4. Determine q(5).
8
Let n = 24 + -9. Suppose -5*x = n - 70. Suppose 4*r + 